{"id":250,"date":"2022-11-08T09:44:27","date_gmt":"2022-11-08T08:44:27","guid":{"rendered":"https:\/\/www.saffer-online.de\/?page_id=250"},"modified":"2023-01-03T20:22:55","modified_gmt":"2023-01-03T19:22:55","slug":"datenschutzerklaerung","status":"publish","type":"page","link":"https:\/\/www.saffer-online.de\/?page_id=250","title":{"rendered":"Datenschutzerkl\u00e4rung"},"content":{"rendered":"\t\t<div data-elementor-type=\"wp-page\" data-elementor-id=\"250\" class=\"elementor elementor-250\">\n\t\t\t\t\t\t<section class=\"elementor-section elementor-top-section elementor-element elementor-element-11c98893 elementor-section-boxed elementor-section-height-default elementor-section-height-default\" data-id=\"11c98893\" data-element_type=\"section\" data-e-type=\"section\">\n\t\t\t\t\t\t<div class=\"elementor-container elementor-column-gap-default\">\n\t\t\t\t\t<div class=\"elementor-column elementor-col-100 elementor-top-column elementor-element elementor-element-707c9923\" data-id=\"707c9923\" data-element_type=\"column\" data-e-type=\"column\">\n\t\t\t<div class=\"elementor-widget-wrap elementor-element-populated\">\n\t\t\t\t\t\t<div class=\"elementor-element elementor-element-3cd22e56 elementor-widget elementor-widget-text-editor\" data-id=\"3cd22e56\" data-element_type=\"widget\" data-e-type=\"widget\" data-widget_type=\"text-editor.default\">\n\t\t\t\t<div class=\"elementor-widget-container\">\n\t\t\t\t\t\t\t\t\t<p><\/p>\n<h2 class=\"has-medium-font-size wp-block-heading\">Information \u00fcber die Erhebung personenbezogener Daten und Kontaktdaten des f\u00fcr die Verarbeitung Verantwortlichen<\/h2>\n<p><\/p>\n<p><\/p>\n<p style=\"font-size: 15px;\">Im Folgenden informieren wir \u00fcber die Erhebung personenbezogener Daten bei Nutzung unserer Website. Personenbezogene Daten sind alle Daten, die auf Sie pers\u00f6nlich beziehbar sind, z. B. Name, Adresse, E-Mail-Adressen, Nutzerverhalten.<\/p>\n<p><\/p>\n<p><\/p>\n<p style=\"font-size: 15px;\">Verantwortlicher gem. Art. 4 Abs. 7 EU-Datenschutz-Grundverordnung (DS-GVO) ist<\/p>\n<p><\/p>\n<p><\/p>\n<p style=\"font-size: 15px;\">Motorger\u00e4te Saffer GmbH<br \/>Christoph Saffer,<br \/>Linde 12, D-51399 Burscheid,<br \/>E-Mail: info@saffer-online.de (siehe unser Impressum)<\/p>\n<p><\/p>\n<p><\/p>\n<h2 class=\"has-medium-font-size wp-block-heading\">Erhebung und Speicherung personenbezogener Daten sowie Art und Zweck von deren Verwendung<\/h2>\n<p><\/p>\n<p><\/p>\n<p style=\"font-size: 15px;\">Beim Aufrufen unserer Website werden durch den auf Ihrem Endger\u00e4t zum Einsatz kommenden Browser automatisch Informationen an den Server unserer Website gesendet. Diese Informationen werden tempor\u00e4r in einem sog. Logfile gespeichert. Folgende Informationen werden dabei ohne Ihr Zutun erfasst und bis zur automatisierten L\u00f6schung gespeichert:<\/p>\n<p><\/p>\n<p><\/p>\n<ul class=\"wp-block-list\" style=\"font-size: 15px;\">\n<li>IP-Adresse des anfragenden Rechners,<\/li>\n<li>Datum und Uhrzeit des Zugriffs sowie Zeitzonendifferenz zur Greenwich Mean Time (GMT),<\/li>\n<li>Name und URL der abgerufenen Datei,<\/li>\n<li>Website, von der aus der Zugriff erfolgt (Referrer-URL),<\/li>\n<li>verwendeter Browser und ggf. das Betriebssystem Ihres Rechners sowie der Name Ihres Access-Providers.,<\/li>\n<li>Zugriffsstatus\/HTTP-Statuscode<\/li>\n<li>jeweils \u00fcbertragene Datenmenge<\/li>\n<li>Betriebssystem und dessen Oberfl\u00e4che,<\/li>\n<li>Sprache und Version der Browsersoftware.<\/li>\n<\/ul>\n<p><\/p>\n<p><\/p>\n<p>Die genannten Daten werden durch uns zu folgenden Zwecken verarbeitet:<\/p>\n<p><\/p>\n<p><\/p>\n<ul class=\"wp-block-list\" style=\"font-size: 15px;\">\n<li>Gew\u00e4hrleistung eines reibungslosen Verbindungsaufbaus der Website,<\/li>\n<li>Gew\u00e4hrleistung einer komfortablen Nutzung unserer Website,<\/li>\n<li>Auswertung der Systemsicherheit und -stabilit\u00e4t sowie<\/li>\n<li>zu weiteren administrativen Zwecken.<\/li>\n<\/ul>\n<p><\/p>\n<p><\/p>\n<p style=\"font-size: 15px;\">Die Rechtsgrundlage f\u00fcr die Datenverarbeitung ist Art. 6 Abs. 1 S. 1 lit. f DSGVO. Unser berechtigtes Interesse folgt aus oben aufgelisteten Zwecken zur Datenerhebung.<\/p>\n<p><\/p>\n<p><\/p>\n<h2 class=\"has-medium-font-size wp-block-heading\">Cookies<\/h2>\n<p><\/p>\n<p><\/p>\n<p style=\"font-size: 15px;\">Bbeim Besuch unserer Website werden nur technisch notwendige Cookies eingesetzt.<\/p>\n<p><\/p>\n<p><\/p>\n<h2 class=\"has-medium-font-size wp-block-heading\">\u00dcbrige Datenerfassung<\/h2>\n<p><\/p>\n<p><\/p>\n<p style=\"font-size: 15px;\">Weitergehende personenbezogene Daten werden von uns ausschlie\u00dflich dann erfasst, wenn Sie diese Angaben freiwillig, etwa im Rahmen einer Anfrage machen. Soweit Sie uns personenbezogene Daten zur Verf\u00fcgung stellen, verwenden wir diese nur zur Beantwortung Ihrer Anfrage und\/oder zur Abwicklung des mit Ihnen geschlossenen Vertrages.<\/p>\n<p><\/p>\n<p><\/p>\n<h2 class=\"has-medium-font-size wp-block-heading\">Hinweise zur E-Mail-Kommunikation<\/h2>\n<p><\/p>\n<p><\/p>\n<p style=\"font-size: 15px;\">Wir sind selbstverst\u00e4ndlich bem\u00fcht, Ihre personenbezogenen Daten durch Ergreifung aller technischen und organisatorischen M\u00f6glichkeiten so zu speichern, dass sie f\u00fcr Dritte nicht zug\u00e4nglich sind. Bei der Kommunikation per E-Mail kann die vollst\u00e4ndige Datensicherheit jedoch nicht gew\u00e4hrleistet werden, so dass wir Ihnen f\u00fcr die \u00dcbermittlung von vertraulichen Informationen den Postweg empfehlen.<\/p>\n<p><\/p>\n<p><\/p>\n<h2 class=\"has-medium-font-size wp-block-heading\">Weitergabe von Daten<\/h2>\n<p><\/p>\n<p><\/p>\n<p>Wir geben Ihre pers\u00f6nlichen Daten nur an Dritte weiter, wenn:<\/p>\n<p><\/p>\n<p><\/p>\n<ul class=\"wp-block-list\" style=\"font-size: 15px;\">\n<li>Sie Ihre nach Art. 6 Abs. 1 S. 1 lit. a DSGVO ausdr\u00fcckliche Einwilligung dazu erteilt haben,<\/li>\n<li>die Weitergabe nach Art. 6 Abs. 1 S. 1 lit. f DSGVO zur Geltendmachung, Aus\u00fcbung oder Verteidigung von Rechtsanspr\u00fcchen erforderlich ist und kein Grund zur Annahme besteht, dass Sie ein \u00fcberwiegendes schutzw\u00fcrdiges Interesse an der Nichtweitergabe Ihrer Daten haben,<\/li>\n<li>f\u00fcr den Fall, dass f\u00fcr die Weitergabe nach Art. 6 Abs. 1 S. 1 lit. c DSGVO eine gesetzliche Verpflichtung besteht, sowie<\/li>\n<li>dies gesetzlich zul\u00e4ssig (z.B. wenn die Datenweitergabe nach Art. 6 Abs. 1 S. 1 lit. b DSGVO f\u00fcr die Abwicklung von Vertragsverh\u00e4ltnissen mit Ihnen erforderlich ist).<\/li>\n<\/ul>\n<p><\/p>\n<p><\/p>\n<h2 class=\"has-medium-font-size wp-block-heading\">Betroffenenrechte<\/h2>\n<p><\/p>\n<p><\/p>\n<ul class=\"wp-block-list\" style=\"font-size: 15px;\">\n<li>gem\u00e4\u00df Art. 15 DSGVO Auskunft \u00fcber Ihre von uns verarbeiteten personenbezogenen Daten zu verlangen. Insbesondere k\u00f6nnen Sie Auskunft \u00fcber die Verarbeitungszwecke, die Kategorie der personenbezogenen Daten, die Kategorien von Empf\u00e4ngern, gegen\u00fcber denen Ihre Daten offengelegt wurden oder werden, die geplante Speicherdauer, das Bestehen eines Rechts auf Berichtigung, L\u00f6schung, Einschr\u00e4nkung der Verarbeitung oder Widerspruch, das Bestehen eines Beschwerderechts, die Herkunft ihrer Daten, sofern diese nicht bei uns erhoben wurden, sowie \u00fcber das Bestehen einer automatisierten Entscheidungsfindung einschlie\u00dflich Profiling und ggf. aussagekr\u00e4ftigen Informationen zu deren Einzelheiten verlangen;<\/li>\n<li>gem\u00e4\u00df Art. 16 DSGVO unverz\u00fcglich die Berichtigung unrichtiger oder Vervollst\u00e4ndigung Ihrer bei uns gespeicherten personenbezogenen Daten zu verlangen;<\/li>\n<li>gem\u00e4\u00df Art. 17 DSGVO die L\u00f6schung Ihrer bei uns gespeicherten personenbezogenen Daten zu verlangen, soweit nicht die Verarbeitung zur Aus\u00fcbung des Rechts auf freie Meinungs\u00e4u\u00dferung und Information, zur Erf\u00fcllung einer rechtlichen Verpflichtung, aus Gr\u00fcnden des \u00f6ffentlichen Interesses oder zur Geltendmachung, Aus\u00fcbung oder Verteidigung von Rechtsanspr\u00fcchen erforderlich ist;<\/li>\n<li>gem\u00e4\u00df Art. 18 DSGVO die Einschr\u00e4nkung der Verarbeitung Ihrer personenbezogenen Daten zu verlangen, soweit die Richtigkeit der Daten von Ihnen bestritten wird, die Verarbeitung unrechtm\u00e4\u00dfig ist, Sie aber deren L\u00f6schung ablehnen und wir die Daten nicht mehr ben\u00f6tigen, Sie jedoch diese zur Geltendmachung, Aus\u00fcbung oder Verteidigung von Rechtsanspr\u00fcchen ben\u00f6tigen oder Sie gem\u00e4\u00df Art. 21 DSGVO Widerspruch gegen die Verarbeitung eingelegt haben;<\/li>\n<li>gem\u00e4\u00df Art. 20 DSGVO Ihre personenbezogenen Daten, die Sie uns bereitgestellt haben, in einem strukturierten, g\u00e4ngigen und maschinenlesebaren Format zu erhalten oder die \u00dcbermittlung an einen anderen Verantwortlichen zu verlangen;<\/li>\n<li>gem\u00e4\u00df Art. 7 Abs. 3 DSGVO Ihre einmal erteilte Einwilligung jederzeit gegen\u00fcber uns zu widerrufen. Dies hat zur Folge, dass wir die Datenverarbeitung, die auf dieser Einwilligung beruhte, f\u00fcr die Zukunft nicht mehr fortf\u00fchren d\u00fcrfen und<\/li>\n<li>gem\u00e4\u00df Art. 77 DSGVO sich bei einer Aufsichtsbeh\u00f6rde zu beschweren. In der Regel k\u00f6nnen Sie sich hierf\u00fcr an die Aufsichtsbeh\u00f6rde Ihres \u00fcblichen Aufenthaltsortes oder Arbeitsplatzes oder unseres Kanzleisitzes wenden.<\/li>\n<\/ul>\n<p><\/p>\n<p><\/p>\n<h2 class=\"has-medium-font-size wp-block-heading\">Widerspruchsrecht<\/h2>\n<p><\/p>\n<p><\/p>\n<p style=\"font-size: 15px;\">Sofern Ihre personenbezogenen Daten auf Grundlage von berechtigten Interessen gem\u00e4\u00df Art. 6 Abs. 1 S. 1 lit. f DSGVO verarbeitet werden, haben Sie das Recht, gem\u00e4\u00df Art. 21 DSGVO Widerspruch gegen die Verarbeitung Ihrer personenbezogenen Daten einzulegen, soweit daf\u00fcr Gr\u00fcnde vorliegen, die sich aus Ihrer besonderen Situation ergeben oder sich der Widerspruch gegen Direktwerbung richtet. Im letzteren Fall haben Sie ein generelles Widerspruchsrecht, das ohne Angabe einer besonderen Situation von uns umgesetzt wird.<\/p>\n<p><\/p>\n<p><\/p>\n<p style=\"font-size: 15px;\">M\u00f6chten Sie von Ihrem Widerrufs- oder Widerspruchsrecht Gebrauch machen, gen\u00fcgt eine E-Mail an info@saffer-online.de.<\/p>\n<p><\/p>\n<p><\/p>\n<p><\/p>\t\t\t\t\t\t\t\t<\/div>\n\t\t\t\t<\/div>\n\t\t\t\t\t<\/div>\n\t\t<\/div>\n\t\t\t\t\t<\/div>\n\t\t<\/section>\n\t\t\t\t<\/div>\n\t\t","protected":false},"excerpt":{"rendered":"<p>Information \u00fcber die Erhebung personenbezogener Daten und Kontaktdaten des f\u00fcr die Verarbeitung Verantwortlichen Im Folgenden informieren wir \u00fcber die Erhebung personenbezogener Daten bei Nutzung unserer Website. Personenbezogene Daten sind alle Daten, die auf Sie pers\u00f6nlich beziehbar sind, z. B. Name, &hellip; <a href=\"https:\/\/www.saffer-online.de\/?page_id=250\">Weiterlesen <span class=\"meta-nav\">&rarr;<\/span><\/a><\/p>\n","protected":false},"author":1,"featured_media":0,"parent":0,"menu_order":0,"comment_status":"closed","ping_status":"closed","template":"","meta":{"footnotes":""},"class_list":["post-250","page","type-page","status-publish","hentry"],"_links":{"self":[{"href":"https:\/\/www.saffer-online.de\/index.php?rest_route=\/wp\/v2\/pages\/250","targetHints":{"allow":["GET"]}}],"collection":[{"href":"https:\/\/www.saffer-online.de\/index.php?rest_route=\/wp\/v2\/pages"}],"about":[{"href":"https:\/\/www.saffer-online.de\/index.php?rest_route=\/wp\/v2\/types\/page"}],"author":[{"embeddable":true,"href":"https:\/\/www.saffer-online.de\/index.php?rest_route=\/wp\/v2\/users\/1"}],"replies":[{"embeddable":true,"href":"https:\/\/www.saffer-online.de\/index.php?rest_route=%2Fwp%2Fv2%2Fcomments&post=250"}],"version-history":[{"count":9,"href":"https:\/\/www.saffer-online.de\/index.php?rest_route=\/wp\/v2\/pages\/250\/revisions"}],"predecessor-version":[{"id":286,"href":"https:\/\/www.saffer-online.de\/index.php?rest_route=\/wp\/v2\/pages\/250\/revisions\/286"}],"wp:attachment":[{"href":"https:\/\/www.saffer-online.de\/index.php?rest_route=%2Fwp%2Fv2%2Fmedia&parent=250"}],"curies":[{"name":"wp","href":"https:\/\/api.w.org\/{rel}","templated":true}]}}

Datenschutzerklärung

<div data-elementor-type="wp-page" data-elementor-id="250" class="elementor elementor-250">
						<section class="elementor-section elementor-top-section elementor-element elementor-element-11c98893 elementor-section-boxed elementor-section-height-default elementor-section-height-default" data-id="11c98893" data-element_type="section" data-e-type="section">
						<div class="elementor-container elementor-column-gap-default">
					<div class="elementor-column elementor-col-100 elementor-top-column elementor-element elementor-element-707c9923" data-id="707c9923" data-element_type="column" data-e-type="column">
			<div class="elementor-widget-wrap elementor-element-populated">
						<div class="elementor-element elementor-element-3cd22e56 elementor-widget elementor-widget-text-editor" data-id="3cd22e56" data-element_type="widget" data-e-type="widget" data-widget_type="text-editor.default">
				<div class="elementor-widget-container">
									<p></p>
<h2 class="has-medium-font-size wp-block-heading">Information über die Erhebung personenbezogener Daten und Kontaktdaten des für die Verarbeitung Verantwortlichen</h2>
<p></p>
<p></p>
<p style="font-size: 15px;">Im Folgenden informieren wir über die Erhebung personenbezogener Daten bei Nutzung unserer Website. Personenbezogene Daten sind alle Daten, die auf Sie persönlich beziehbar sind, z. B. Name, Adresse, E-Mail-Adressen, Nutzerverhalten.</p>
<p></p>
<p></p>
<p style="font-size: 15px;">Verantwortlicher gem. Art. 4 Abs. 7 EU-Datenschutz-Grundverordnung (DS-GVO) ist</p>
<p></p>
<p></p>
<p style="font-size: 15px;">Motorgeräte Saffer GmbH<br />Christoph Saffer,<br />Linde 12, D-51399 Burscheid,<br />E-Mail: info@saffer-online.de (siehe unser Impressum)</p>
<p></p>
<p></p>
<h2 class="has-medium-font-size wp-block-heading">Erhebung und Speicherung personenbezogener Daten sowie Art und Zweck von deren Verwendung</h2>
<p></p>
<p></p>
<p style="font-size: 15px;">Beim Aufrufen unserer Website werden durch den auf Ihrem Endgerät zum Einsatz kommenden Browser automatisch Informationen an den Server unserer Website gesendet. Diese Informationen werden temporär in einem sog. Logfile gespeichert. Folgende Informationen werden dabei ohne Ihr Zutun erfasst und bis zur automatisierten Löschung gespeichert:</p>
<p></p>
<p></p>
<ul class="wp-block-list" style="font-size: 15px;">
<li>IP-Adresse des anfragenden Rechners,</li>
<li>Datum und Uhrzeit des Zugriffs sowie Zeitzonendifferenz zur Greenwich Mean Time (GMT),</li>
<li>Name und URL der abgerufenen Datei,</li>
<li>Website, von der aus der Zugriff erfolgt (Referrer-URL),</li>
<li>verwendeter Browser und ggf. das Betriebssystem Ihres Rechners sowie der Name Ihres Access-Providers.,</li>
<li>Zugriffsstatus/HTTP-Statuscode</li>
<li>jeweils übertragene Datenmenge</li>
<li>Betriebssystem und dessen Oberfläche,</li>
<li>Sprache und Version der Browsersoftware.</li>
</ul>
<p></p>
<p></p>
<p>Die genannten Daten werden durch uns zu folgenden Zwecken verarbeitet:</p>
<p></p>
<p></p>
<ul class="wp-block-list" style="font-size: 15px;">
<li>Gewährleistung eines reibungslosen Verbindungsaufbaus der Website,</li>
<li>Gewährleistung einer komfortablen Nutzung unserer Website,</li>
<li>Auswertung der Systemsicherheit und -stabilität sowie</li>
<li>zu weiteren administrativen Zwecken.</li>
</ul>
<p></p>
<p></p>
<p style="font-size: 15px;">Die Rechtsgrundlage für die Datenverarbeitung ist Art. 6 Abs. 1 S. 1 lit. f DSGVO. Unser berechtigtes Interesse folgt aus oben aufgelisteten Zwecken zur Datenerhebung.</p>
<p></p>
<p></p>
<h2 class="has-medium-font-size wp-block-heading">Cookies</h2>
<p></p>
<p></p>
<p style="font-size: 15px;">Bbeim Besuch unserer Website werden nur technisch notwendige Cookies eingesetzt.</p>
<p></p>
<p></p>
<h2 class="has-medium-font-size wp-block-heading">Übrige Datenerfassung</h2>
<p></p>
<p></p>
<p style="font-size: 15px;">Weitergehende personenbezogene Daten werden von uns ausschließlich dann erfasst, wenn Sie diese Angaben freiwillig, etwa im Rahmen einer Anfrage machen. Soweit Sie uns personenbezogene Daten zur Verfügung stellen, verwenden wir diese nur zur Beantwortung Ihrer Anfrage und/oder zur Abwicklung des mit Ihnen geschlossenen Vertrages.</p>
<p></p>
<p></p>
<h2 class="has-medium-font-size wp-block-heading">Hinweise zur E-Mail-Kommunikation</h2>
<p></p>
<p></p>
<p style="font-size: 15px;">Wir sind selbstverständlich bemüht, Ihre personenbezogenen Daten durch Ergreifung aller technischen und organisatorischen Möglichkeiten so zu speichern, dass sie für Dritte nicht zugänglich sind. Bei der Kommunikation per E-Mail kann die vollständige Datensicherheit jedoch nicht gewährleistet werden, so dass wir Ihnen für die Übermittlung von vertraulichen Informationen den Postweg empfehlen.</p>
<p></p>
<p></p>
<h2 class="has-medium-font-size wp-block-heading">Weitergabe von Daten</h2>
<p></p>
<p></p>
<p>Wir geben Ihre persönlichen Daten nur an Dritte weiter, wenn:</p>
<p></p>
<p></p>
<ul class="wp-block-list" style="font-size: 15px;">
<li>Sie Ihre nach Art. 6 Abs. 1 S. 1 lit. a DSGVO ausdrückliche Einwilligung dazu erteilt haben,</li>
<li>die Weitergabe nach Art. 6 Abs. 1 S. 1 lit. f DSGVO zur Geltendmachung, Ausübung oder Verteidigung von Rechtsansprüchen erforderlich ist und kein Grund zur Annahme besteht, dass Sie ein überwiegendes schutzwürdiges Interesse an der Nichtweitergabe Ihrer Daten haben,</li>
<li>für den Fall, dass für die Weitergabe nach Art. 6 Abs. 1 S. 1 lit. c DSGVO eine gesetzliche Verpflichtung besteht, sowie</li>
<li>dies gesetzlich zulässig (z.B. wenn die Datenweitergabe nach Art. 6 Abs. 1 S. 1 lit. b DSGVO für die Abwicklung von Vertragsverhältnissen mit Ihnen erforderlich ist).</li>
</ul>
<p></p>
<p></p>
<h2 class="has-medium-font-size wp-block-heading">Betroffenenrechte</h2>
<p></p>
<p></p>
<ul class="wp-block-list" style="font-size: 15px;">
<li>gemäß Art. 15 DSGVO Auskunft über Ihre von uns verarbeiteten personenbezogenen Daten zu verlangen. Insbesondere können Sie Auskunft über die Verarbeitungszwecke, die Kategorie der personenbezogenen Daten, die Kategorien von Empfängern, gegenüber denen Ihre Daten offengelegt wurden oder werden, die geplante Speicherdauer, das Bestehen eines Rechts auf Berichtigung, Löschung, Einschränkung der Verarbeitung oder Widerspruch, das Bestehen eines Beschwerderechts, die Herkunft ihrer Daten, sofern diese nicht bei uns erhoben wurden, sowie über das Bestehen einer automatisierten Entscheidungsfindung einschließlich Profiling und ggf. aussagekräftigen Informationen zu deren Einzelheiten verlangen;</li>
<li>gemäß Art. 16 DSGVO unverzüglich die Berichtigung unrichtiger oder Vervollständigung Ihrer bei uns gespeicherten personenbezogenen Daten zu verlangen;</li>
<li>gemäß Art. 17 DSGVO die Löschung Ihrer bei uns gespeicherten personenbezogenen Daten zu verlangen, soweit nicht die Verarbeitung zur Ausübung des Rechts auf freie Meinungsäußerung und Information, zur Erfüllung einer rechtlichen Verpflichtung, aus Gründen des öffentlichen Interesses oder zur Geltendmachung, Ausübung oder Verteidigung von Rechtsansprüchen erforderlich ist;</li>
<li>gemäß Art. 18 DSGVO die Einschränkung der Verarbeitung Ihrer personenbezogenen Daten zu verlangen, soweit die Richtigkeit der Daten von Ihnen bestritten wird, die Verarbeitung unrechtmäßig ist, Sie aber deren Löschung ablehnen und wir die Daten nicht mehr benötigen, Sie jedoch diese zur Geltendmachung, Ausübung oder Verteidigung von Rechtsansprüchen benötigen oder Sie gemäß Art. 21 DSGVO Widerspruch gegen die Verarbeitung eingelegt haben;</li>
<li>gemäß Art. 20 DSGVO Ihre personenbezogenen Daten, die Sie uns bereitgestellt haben, in einem strukturierten, gängigen und maschinenlesebaren Format zu erhalten oder die Übermittlung an einen anderen Verantwortlichen zu verlangen;</li>
<li>gemäß Art. 7 Abs. 3 DSGVO Ihre einmal erteilte Einwilligung jederzeit gegenüber uns zu widerrufen. Dies hat zur Folge, dass wir die Datenverarbeitung, die auf dieser Einwilligung beruhte, für die Zukunft nicht mehr fortführen dürfen und</li>
<li>gemäß Art. 77 DSGVO sich bei einer Aufsichtsbehörde zu beschweren. In der Regel können Sie sich hierfür an die Aufsichtsbehörde Ihres üblichen Aufenthaltsortes oder Arbeitsplatzes oder unseres Kanzleisitzes wenden.</li>
</ul>
<p></p>
<p></p>
<h2 class="has-medium-font-size wp-block-heading">Widerspruchsrecht</h2>
<p></p>
<p></p>
<p style="font-size: 15px;">Sofern Ihre personenbezogenen Daten auf Grundlage von berechtigten Interessen gemäß Art. 6 Abs. 1 S. 1 lit. f DSGVO verarbeitet werden, haben Sie das Recht, gemäß Art. 21 DSGVO Widerspruch gegen die Verarbeitung Ihrer personenbezogenen Daten einzulegen, soweit dafür Gründe vorliegen, die sich aus Ihrer besonderen Situation ergeben oder sich der Widerspruch gegen Direktwerbung richtet. Im letzteren Fall haben Sie ein generelles Widerspruchsrecht, das ohne Angabe einer besonderen Situation von uns umgesetzt wird.</p>
<p></p>
<p></p>
<p style="font-size: 15px;">Möchten Sie von Ihrem Widerrufs- oder Widerspruchsrecht Gebrauch machen, genügt eine E-Mail an info@saffer-online.de.</p>
<p></p>
<p></p>
<p></p>								</div>
				</div>
					</div>
		</div>
					</div>
		</section>
				</div>

<p>Information über die Erhebung personenbezogener Daten und Kontaktdaten des für die Verarbeitung Verantwortlichen Im Folgenden informieren wir über die Erhebung personenbezogener Daten bei Nutzung unserer Website. Personenbezogene Daten sind alle Daten, die auf Sie persönlich beziehbar sind, z. B. Name, &hellip; <a href="https://www.saffer-online.de/?page_id=250">Weiterlesen <span class="meta-nav">&rarr;</span></a></p>
